se -139*s = -71*s - 9180. What is the remainder when s is divided by 52?
31
Let n(d) = d**3 - 5*d**2 - 2*d + 45. Calculate the remainder when 130 is divided by n(5).
25
Suppose 23*v = 26*v. Suppose -3*a = s - v*s - 14, -a = s - 8. Suppose s*o - 3*z = 30 + 4, -46 = -5*o - 3*z. What is the remainder when 10 is divided by o?
2
Suppose -3*f + 2 = r - 16, 0 = 3*f - 2*r - 27. Let v = -48 + 44. Calculate the remainder when (-38)/(1*(v - -2)) is divided by f.
5
Let o = 820 - 395. What is the remainder when o is divided by 108?
101
Suppose -39*f + 45*f - 120 = 0. Suppose -2*j + 128 + 26 = 0. What is the remainder when j is divided by f?
17
Suppose 0 = 3*m - 6*m + 30. Calculate the remainder when 128 is divided by m.
8
Suppose 5*z = -3*u + 383, -19*z + 22*z + 2*u - 230 = 0. What is the remainder when 131 is divided by z?
55
Let g = 35 - 24. Let w(s) = -s**3 + 9*s**2 + 1. What is the remainder when w(8) is divided by g?
10
Let f be (-2)/(-10) + 238/85. Calculate the remainder when (-6)/((-32)/(-18) - 2) is divided by ((-4)/f)/((-8)/60).
7
Suppose 92 = w + u - 16, -5*w - 2*u + 534 = 0. Calculate the remainder when w is divided by 22.
18
Suppose 5*h - 90 = -10. What is the remainder when (-434)/(-21)*(9/(-6) - -3) is divided by h?
15
Suppose -3*u = -0*u - 45. Let d = 85 - 61. Let k = -16 + d. What is the remainder when u is divided by k?
7
What is the remainder when (-2 - -150) + (4 - 2) is divided by 38?
36
Suppose -456 + 24 = -3*s - 3*w, 584 = 4*s + 2*w. What is the remainder when s is divided by 25?
23
Suppose -201 - 529 = -10*k. Let w = 114 - k. Calculate the remainder when 78 is divided by w.
37
Let d(n) = -n + 41. Calculate the remainder when 220 is divided by d(2).
25
Let z(n) = -n + 1. Let v be z(-4). Suppose 3*g = v*f - 90, -f - 2*f + 50 = -g. Calculate the remainder when 27 is divided by f.
12
Let a(w) = 6*w**2 - 21*w - 1. Let u be a(3). Let r(j) = j**2 + 7*j - 9. What is the remainder when 39 is divided by r(u)?
18
Suppose 421 = 16*v + 117. What is the remainder when v is divided by (45/6)/((-3)/(-8)*2)?
9
Suppose -17 = -2*j + w - 1, -w = 4*j - 26. Calculate the remainder when 116 is divided by j.
4
Let u be (-1)/3 + (-7)/(-3). Suppose 8*f = 2*f + 2220. Suppose -3*o - u*o = -f. What is the remainder when o is divided by 25?
24
Suppose 5*v + h - 93 = 0, -5*h - 7 = 2*v - 58. Calculate the remainder when 2/(4/(-10) + 99/240) is divided by v.
16
Suppose 0 = c + 2*z - 42 + 22, 0 = -5*c - 4*z + 112. Calculate the remainder when c is divided by 22.
2
Let a(t) = t**2 - 3. Let r(u) = 15*u - 1 - 70*u - 10*u. What is the remainder when r(-1) is divided by a(4)?
12
Suppose -9*g - 19 + 145 = 0. Calculate the remainder when 220 is divided by g.
10
Suppose -57*z = -1136 - 4. Suppose 0 = 5*f - 204 + 19. What is the remainder when f is divided by z?
17
Suppose 56 = -s + 71. Calculate the remainder when 251 is divided by s.
11
Let n(r) = -2*r**2 + 61*r - 127. Calculate the remainder when n(11) is divided by 105.
92
Let l(d) = -2*d**3 + 53*d**2 + 16*d - 261. What is the remainder when l(26) is divided by 139?
136
Let n = -152 - -244. Suppose -8*y + 96 = 4*w - 3*y, 4*w = -4*y + n. What is the remainder when 33 is divided by w?
14
Suppose 53*v - 204 = 52*v. What is the remainder when v is divided by 23?
20
Let r(n) = 5*n - 1. Let w = -3142 + 3234. What is the remainder when w is divided by r(5)?
20
Suppose 2509 = 76*z - 379. What is the remainder when 58 is divided by z?
20
Suppose -450 = -11*q + 331. Calculate the remainder when q is divided by 19.
14
Suppose -c + 8*l + 49 = 4*l, 0 = l + 2. Suppose c*u = 43*u - 32. Calculate the remainder when 29 is divided by u.
13
Let h(t) = -63*t**3 - t**2 - t - 1. Calculate the remainder when h(-1) is divided by -2 + (-28)/(-16) + 159/12.
10
Let t(c) = -3*c**2 - 3*c + 2. Let b be t(2). Calculate the remainder when 36 is divided by (b + 33)*1/1.
2
What is the remainder when ((-296)/(-40) - 8) + 2184/15 is divided by 50?
45
Let c = -176 - -178. Calculate the remainder when 55 is divided by c.
1
Let f(d) = 2*d + 96. What is the remainder when 41 is divided by f(-35)?
15
Let t be (-16)/(-14) - (-11)/(-77). What is the remainder when t/2*-2*-61 is divided by 21?
19
Suppose -8*y - 64 = -12*y. Let i = y + 103. Calculate the remainder when i is divided by 30.
29
Let a = -55 - -65. Suppose -a*y + 46 + 144 = 0. What is the remainder when y is divided by 7?
5
Let t(u) = 66*u + 3*u + 17*u - 2*u + 1. Calculate the remainder when t(1) is divided by 22.
19
Let n be 9/(-3) + 6 + -14. Let g = n - -11. Let j = g - -16. Calculate the remainder when 31 is divided by j.
15
Suppose -54*o + 57*o - 105 = 0. Calculate the remainder when 209 is divided by o.
34
Calculate the remainder when 423/(-6)*(-332)/249 is divided by 32.
30
Let z = -24 + -2. Let q = -34 + -8. Let p = z - q. What is the remainder when 30 is divided by p?
14
Suppose -70 = -t + 2*q, -3*q + 5 = 2*t - 149. What is the remainder when 368 is divided by t?
72
Let l(h) = 17*h**2. Let g(u) = -u**2 - 2*u + 9. Let r(q) = 2*q - 22. Let f be r(11). What is the remainder when l(-1) is divided by g(f)?
8
Suppose 5*h = -4*c + 325, 4*h - c - 57 = 203. Suppose 754 - 82 = -21*x. Let a = x + h. Calculate the remainder when 98 is divided by a.
32
Suppose -10*x + 108 = -8*x + 4*p, 90 = 2*x - 5*p. Calculate the remainder when 127 is divided by x.
27
Suppose -15 - 33 = 8*g. Let c(i) = -2*i. Let p be c(1). What is the remainder when 4 - (3 - g/p) is divided by 1?
0
Suppose 0 = -4*l - 4*y - y + 72, -54 = -3*l + 4*y. Suppose -3*b = -6*b + 9. Calculate the remainder when l is divided by b.
0
Let u(m) = -8*m - 12. Calculate the remainder when 134 is divided by u(-5).
22
Let h(u) = -3*u - 3. Let p be h(-7). Suppose -p*s + 15*s = -72. Calculate the remainder when 67 is divided by s.
19
Let z be (-5)/20 + 3/(-4). Let x = -14 + z. Let s = x - -46. Calculate the remainder when s is divided by 11.
9
Let y be ((-3)/2 + 2)*14. Let g(b) = 10*b - 3*b**3 - 1 + b**2 - b**2 + 4*b**3 - 8*b**2. Calculate the remainder when g(y) is divided by 7.
6
Suppose -4*c + 3*z = -188, 45 = -2*c - 2*z + 139. Calculate the remainder when 135 is divided by c.
41
Suppose -2*p - 125 = -3*b, 64*p = 5*b + 63*p - 220. Calculate the remainder when 174 is divided by b.
39
Suppose 37*x = 32*x + 100. Calculate the remainder when 31 is divided by x.
11
Let a = -16 + 24. Suppose -8*v = -36 - 196. What is the remainder when v is divided by a?
5
Calculate the remainder when 25*19 + (-78)/(-39) is divided by 32.
29
Suppose 35 + 9 = 2*l. Calculate the remainder when ((-252)/16)/((-63)/168) is divided by l.
20
Calculate the remainder when 1/(-5)*7/((-56)/15880) is divided by 8.
5
Let j be 18/117 - (-93)/(-13). Let l be (0 - -2) + 8 + j. Let o = l + 18. What is the remainder when o is divided by 11?
10
Let d be 40/70 - 4/7. Suppose d = -20*j + 23*j - 171. Suppose 45 = 2*z + z. What is the remainder when j is divided by z?
12
Let w = -10 - -26. Let x(t) = -2*t + 2. Let a be x(6). Let p = a + 16. What is the remainder when w is divided by p?
4
Let h(r) = -r**3 + r**2 + 11. Suppose 2*c = 6*c. Let k = 76 - 35. What is the remainder when k is divided by h(c)?
8
Suppose 4*v - 4*c - 332 = 0, -2*v - 151 = -4*v - 3*c. What is the remainder when v is divided by 28?
24
Suppose -12*s = -6450 - 7350. What is the remainder when s is divided by 48?
46
Let m(y) = 22*y - 15*y - 12*y - 32. Suppose 3*d + 3*q - 168 = -6, d - q - 48 = 0. Calculate the remainder when d is divided by m(-10).
15
Let k be (2 - 2)*11/(-44). Suppose 2*u - 21 = -u. Calculate the remainder when u - (-1 + -1 - k) is divided by 3.
0
Suppose -2*c + 2*r + 21 = 3*r, c - 4*r = 6. Suppose 3*p - p = 0. Let g(d) = -d + 29. What is the remainder when g(p) is divided by c?
9
Let c = 4 - 1. Let q(o) = -o + 7. Let d be ((-6)/12)/((-3)/18). Calculate the remainder when q(d) is divided by c.
1
Let z = -106 - 7. Let r = z + 178. What is the remainder when r is divided by 18?
11
Suppose -2*l = -3*j + 41, 462*l = 458*l - 4. Suppose -2 + 62 = 2*a. Calculate the remainder when j is divided by 8/(-12)*a/(-4).
3
Let f be (-42)/(-8) + (-6)/(-8). Let a = 217 + -178. Suppose -f*q - 9 = -a. What is the remainder when q is divided by 4?
1
Let i be (2556/(-54))/(2/(-33)). Suppose 7*h + 4*h - i = 0. What is the remainder whe